{"id":334,"date":"2026-02-21T18:46:45","date_gmt":"2026-02-21T15:46:45","guid":{"rendered":"https:\/\/www.anglarnasservice.se\/?page_id=334"},"modified":"2026-02-25T17:45:20","modified_gmt":"2026-02-25T14:45:20","slug":"kontorsstadning","status":"publish","type":"page","link":"https:\/\/www.anglarnasservice.se\/?page_id=334","title":{"rendered":"Kontorsst\u00e4dning"},"content":{"rendered":"\n<div class=\"wp-block-columns is-layout-flex wp-container-core-columns-is-layout-28f84493 wp-block-columns-is-layout-flex\">\n<div class=\"wp-block-column is-layout-flow wp-block-column-is-layout-flow\" style=\"flex-basis:28%\">\n<figure class=\"wp-block-image size-full has-custom-border\"><img loading=\"lazy\" decoding=\"async\" width=\"650\" height=\"433\" src=\"https:\/\/www.anglarnasservice.se\/wp-content\/uploads\/2026\/02\/Kontorsstadning.jpeg\" alt=\"\" class=\"wp-image-335\" style=\"border-top-left-radius:8px;border-top-right-radius:8px;border-bottom-left-radius:8px;border-bottom-right-radius:8px;aspect-ratio:4\/3;object-fit:cover\" srcset=\"https:\/\/www.anglarnasservice.se\/wp-content\/uploads\/2026\/02\/Kontorsstadning.jpeg 650w, https:\/\/www.anglarnasservice.se\/wp-content\/uploads\/2026\/02\/Kontorsstadning-300x200.jpeg 300w\" sizes=\"auto, (max-width: 650px) 100vw, 650px\" \/><\/figure>\n<\/div>\n\n\n\n<div class=\"wp-block-column is-layout-flow wp-block-column-is-layout-flow\" style=\"flex-basis:72%\">\n<p class=\"has-background\" style=\"background-color:#ffffff00;padding-top:0;padding-right:0;padding-bottom:0;padding-left:0\">St\u00e4dservice<br>Vi bidrar till att skapa en trivsam, v\u00e4lkomnande, hygienisk och frisk milj\u00f6. V\u00e5r kontorsst\u00e4dning syftar till att m\u00f6bler, inredning, ytor och material ska f\u00e5 en l\u00e5ng livsl\u00e4ngd. Dessutom ska v\u00e5r st\u00e4dning f\u00f6rebygga och hindra smittspridning samt ge en \u00f6kad trivsel f\u00f6r kund, g\u00e4st eller medarbetare.<br><br>Frekvensst\u00e4dning<br>Regelm\u00e4ssig st\u00e4dning utf\u00f6rs enligt \u00f6verenskommen frekvens och tider. Behovet av reng\u00f6ring och kvalitetsniv\u00e5 samt leveransen av tj\u00e4nsten regleras och avtalas tillsammans med kunden. Vi skapar en anpassad l\u00f6sning som motsvarar behoven i verksamheten.<br>F\u00f6r att uppn\u00e5 fullst\u00e4ndig service g\u00f6rs en analys utifr\u00e5n era behov av frekvensst\u00e4dning. Analysen ger underlag f\u00f6r hur kontorsst\u00e4dningen ska utf\u00f6ras och hur ofta med h\u00e4nsyn till era lokaler, yta, medarbetare, kunder, nedsmutsning och milj\u00f6\u00e5taganden.<br><br>V\u00e5r kompetens\u2013 din s\u00e4kerhet f\u00f6r r\u00e4tt leverans<br>V\u00e5rt m\u00e5l \u00e4r att leverera st\u00e4dtj\u00e4nster enligt avtal med r\u00e4tt kvalitet. Detta g\u00f6r vi genom att f\u00f6rse v\u00e5ra medarbetare med den kunskap, erfarenhet och utbildning som kr\u00e4vs f\u00f6r att utf\u00f6ra professionell st\u00e4dtj\u00e4nst. F\u00f6r alla medarbetare som arbetar inom \u00c4nglarnas st\u00e4d st\u00e4dtj\u00e4nster g\u00f6rs det en utbildningsplan. Fr\u00e5n anst\u00e4llningens b\u00f6rjan och fortl\u00f6pande genomf\u00f6r medarbetaren olika obligatoriska utbildningar. I vissa fall kr\u00e4vs specialkunskap och d\u00e5 har vi ett brett utbud p\u00e5 specialistutbildningar inom st\u00e4domr\u00e5det.<br><br>Kontakta oss redan idag f\u00f6r personligt m\u00f6te och pris offert.<\/p>\n<\/div>\n<\/div>\n\n\n\n<div class=\"forminator-guttenberg\"><div class=\"forminator-ui forminator-custom-form forminator-custom-form-111 forminator-design--default  forminator_ajax\" data-forminator-render=\"0\" data-form=\"forminator-module-111\" data-uid=\"69e371a101132\"><br\/><\/div><form\n\t\t\t\tid=\"forminator-module-111\"\n\t\t\t\tclass=\"forminator-ui forminator-custom-form forminator-custom-form-111 forminator-design--default  forminator_ajax\"\n\t\t\t\tmethod=\"post\"\n\t\t\t\tdata-forminator-render=\"0\"\n\t\t\t\tdata-form-id=\"111\"\n\t\t\t\t data-color-option=\"theme\" data-design=\"default\" data-grid=\"open\" style=\"display: none;\"\n\t\t\t\tdata-uid=\"69e371a101132\"\n\t\t\t><div role=\"alert\" aria-live=\"polite\" class=\"forminator-response-message forminator-error\" aria-hidden=\"true\"><\/div><div class=\"forminator-row\"><div id=\"name-1\" class=\"forminator-field-name forminator-col forminator-col-12 \"><div class=\"forminator-field\"><label for=\"forminator-field-name-1_69e371a101132\" id=\"forminator-field-name-1_69e371a101132-label\" class=\"forminator-label\">Namn <span class=\"forminator-required\">*<\/span><\/label><input type=\"text\" name=\"name-1\" value=\"\" placeholder=\"\" id=\"forminator-field-name-1_69e371a101132\" class=\"forminator-input forminator-name--field\" aria-required=\"true\" autocomplete=\"name\" \/><\/div><\/div><\/div><div class=\"forminator-row\"><div id=\"address-1\" class=\"forminator-field-address forminator-col forminator-col-12 \"><div class=\"forminator-row\"><div id=\"address-1-street_address\" class=\"forminator-col\"><div class=\"forminator-field\"><label for=\"forminator-field-address-1-street_address_69e371a101132\" id=\"forminator-field-address-1-street_address_69e371a101132-label\" class=\"forminator-label\">Adress<\/label><input type=\"text\" name=\"address-1-street_address\" placeholder=\"\" id=\"forminator-field-address-1-street_address_69e371a101132\" class=\"forminator-input\" data-required=\"\" aria-required=\"false\" autocomplete=\"address-line1\" value=\"\" \/><\/div><\/div><\/div><div class=\"forminator-row\" data-multiple=\"false\"><div id=\"address-1-city\" class=\"forminator-col forminator-col-12\"><div class=\"forminator-field\"><label for=\"forminator-field-address-1-city_69e371a101132\" id=\"forminator-field-address-1-city_69e371a101132-label\" class=\"forminator-label\">Stad<\/label><input type=\"text\" name=\"address-1-city\" placeholder=\"\" id=\"forminator-field-address-1-city_69e371a101132\" class=\"forminator-input\" data-required=\"\" aria-required=\"false\" autocomplete=\"address-level2\" value=\"\" \/><\/div><\/div><\/div><div class=\"forminator-row\" data-multiple=\"false\"><div id=\"address-1-zip\" class=\"forminator-col forminator-col-12\"><div class=\"forminator-field\"><label for=\"forminator-field-address-1-zip_69e371a101132\" id=\"forminator-field-address-1-zip_69e371a101132-label\" class=\"forminator-label\">Postnummer<\/label><input type=\"text\" name=\"address-1-zip\" placeholder=\"\" id=\"forminator-field-address-1-zip_69e371a101132\" class=\"forminator-input\" autocomplete=\"postal-code\" value=\"\" \/><\/div><\/div><\/div><\/div><\/div><div class=\"forminator-row\"><div id=\"email-1\" class=\"forminator-field-email forminator-col forminator-col-12 \"><div class=\"forminator-field\"><label for=\"forminator-field-email-1_69e371a101132\" id=\"forminator-field-email-1_69e371a101132-label\" class=\"forminator-label\">E-postadress <span class=\"forminator-required\">*<\/span><\/label><input type=\"email\" name=\"email-1\" value=\"\" placeholder=\"\" id=\"forminator-field-email-1_69e371a101132\" class=\"forminator-input forminator-email--field\" data-required=\"true\" aria-required=\"true\" autocomplete=\"email\" \/><\/div><\/div><\/div><div class=\"forminator-row\"><div id=\"phone-1\" class=\"forminator-field-phone forminator-col forminator-col-12 \"><div class=\"forminator-field\"><label for=\"forminator-field-phone-1_69e371a101132\" id=\"forminator-field-phone-1_69e371a101132-label\" class=\"forminator-label\">Telefonnummer <span class=\"forminator-required\">*<\/span><\/label><input type=\"text\" name=\"phone-1\" value=\"\" placeholder=\"\" id=\"forminator-field-phone-1_69e371a101132\" class=\"forminator-input forminator-field--phone\" data-required=\"1\" aria-required=\"true\" autocomplete=\"off\" \/><\/div><\/div><\/div><div class=\"forminator-row\"><div id=\"textarea-1\" class=\"forminator-field-textarea forminator-col forminator-col-12 \"><div class=\"forminator-field\"><label for=\"forminator-field-textarea-1_69e371a101132\" id=\"forminator-field-textarea-1_69e371a101132-label\" class=\"forminator-label\">Meddelande <span class=\"forminator-required\">*<\/span><\/label><span id=\"forminator-field-textarea-1_69e371a101132-description\" class=\"forminator-description\"><span data-limit=\"257\" data-type=\"characters\" data-editor=\"\">0 \/ 257<\/span><\/span><textarea name=\"textarea-1\" placeholder=\"\" id=\"forminator-field-textarea-1_69e371a101132\" class=\"forminator-textarea\" rows=\"6\" style=\"min-height:140px;\" maxlength=\"257\" ><\/textarea><\/div><\/div><\/div><input type=\"hidden\" name=\"referer_url\" value=\"\" \/><div class=\"forminator-row forminator-row-last\"><div class=\"forminator-col\"><div class=\"forminator-field\"><button class=\"forminator-button forminator-button-submit\">Skicka<\/button><\/div><\/div><\/div><input type=\"hidden\" id=\"forminator_nonce\" name=\"forminator_nonce\" value=\"05afb75a56\" \/><input type=\"hidden\" name=\"_wp_http_referer\" value=\"\/index.php?rest_route=%2Fwp%2Fv2%2Fpages%2F334\" \/><input type=\"hidden\" name=\"form_id\" value=\"111\"><input type=\"hidden\" name=\"page_id\" value=\"334\"><input type=\"hidden\" name=\"form_type\" value=\"default\"><input type=\"hidden\" name=\"current_url\" value=\"https:\/\/www.anglarnasservice.se\/?page_id=334\"><input type=\"hidden\" name=\"render_id\" value=\"0\"><input type=\"hidden\" name=\"action\" value=\"forminator_submit_form_custom-forms\"><\/form><\/div>\n","protected":false},"excerpt":{"rendered":"<p>St\u00e4dserviceVi bidrar till att skapa en trivsam, v\u00e4lkomnande, hygienisk och frisk milj\u00f6. V\u00e5r kontorsst\u00e4dning syftar till att m\u00f6bler, inredning, ytor och material ska f\u00e5 en l\u00e5ng livsl\u00e4ngd. Dessutom ska v\u00e5r st\u00e4dning f\u00f6rebygga och hindra smittspridning samt ge en \u00f6kad trivsel f\u00f6r kund, g\u00e4st eller medarbetare. Frekvensst\u00e4dningRegelm\u00e4ssig st\u00e4dning utf\u00f6rs enligt \u00f6verenskommen frekvens och tider. Behovet av &hellip; <\/p>\n<p class=\"link-more\"><a href=\"https:\/\/www.anglarnasservice.se\/?page_id=334\" class=\"more-link\"><span class=\"screen-reader-text\"> &#8220;Kontorsst\u00e4dning&#8221;<\/span>devam\u0131n\u0131 oku<\/a><\/p>\n","protected":false},"author":1,"featured_media":0,"parent":0,"menu_order":0,"comment_status":"closed","ping_status":"closed","template":"","meta":{"inspiro_hide_title":false,"footnotes":""},"class_list":["post-334","page","type-page","status-publish","hentry"],"_links":{"self":[{"href":"https:\/\/www.anglarnasservice.se\/index.php?rest_route=\/wp\/v2\/pages\/334","targetHints":{"allow":["GET"]}}],"collection":[{"href":"https:\/\/www.anglarnasservice.se\/index.php?rest_route=\/wp\/v2\/pages"}],"about":[{"href":"https:\/\/www.anglarnasservice.se\/index.php?rest_route=\/wp\/v2\/types\/page"}],"author":[{"embeddable":true,"href":"https:\/\/www.anglarnasservice.se\/index.php?rest_route=\/wp\/v2\/users\/1"}],"replies":[{"embeddable":true,"href":"https:\/\/www.anglarnasservice.se\/index.php?rest_route=%2Fwp%2Fv2%2Fcomments&post=334"}],"version-history":[{"count":4,"href":"https:\/\/www.anglarnasservice.se\/index.php?rest_route=\/wp\/v2\/pages\/334\/revisions"}],"predecessor-version":[{"id":391,"href":"https:\/\/www.anglarnasservice.se\/index.php?rest_route=\/wp\/v2\/pages\/334\/revisions\/391"}],"wp:attachment":[{"href":"https:\/\/www.anglarnasservice.se\/index.php?rest_route=%2Fwp%2Fv2%2Fmedia&parent=334"}],"curies":[{"name":"wp","href":"https:\/\/api.w.org\/{rel}","templated":true}]}}